{"id":7917,"date":"2023-07-27T13:37:14","date_gmt":"2023-07-27T12:37:14","guid":{"rendered":"https:\/\/integratel.ma\/?post_type=product&#038;p=7917"},"modified":"2023-07-27T14:14:57","modified_gmt":"2023-07-27T13:14:57","slug":"ecouteurs-samsung-usb-type-c-earphones","status":"publish","type":"product","link":"https:\/\/integratel.ma\/index.php\/product\/ecouteurs-samsung-usb-type-c-earphones\/","title":{"rendered":"\u00c9COUTEURS SAMSUNG USB TYPE-C EARPHONES"},"content":{"rendered":"","protected":false},"excerpt":{"rendered":"<p><img decoding=\"async\" class=\"alignnone size-full wp-image-6633\" src=\"https:\/\/integratel.ma\/wp-content\/uploads\/2023\/05\/samsung-e1684768323292.jpeg\" alt=\"\" width=\"173\" height=\"35\" srcset=\"https:\/\/integratel.ma\/wp-content\/uploads\/2023\/05\/samsung-e1684768323292.jpeg 173w, https:\/\/integratel.ma\/wp-content\/uploads\/2023\/05\/samsung-e1684768323292-60x12.jpeg 60w, https:\/\/integratel.ma\/wp-content\/uploads\/2023\/05\/samsung-e1684768323292-110x22.jpeg 110w, https:\/\/integratel.ma\/wp-content\/uploads\/2023\/05\/samsung-e1684768323292-90x18.jpeg 90w, https:\/\/integratel.ma\/wp-content\/uploads\/2023\/05\/samsung-e1684768323292-64x13.jpeg 64w\" sizes=\"(max-width: 173px) 100vw, 173px\" \/><\/p>\n<p>Exp\u00e9rimentez un son studio o\u00f9 que vous soyez avec les \u00e9couteurs Samsung USB Type-C. Profitez d&rsquo;une parfaite harmonie gr\u00e2ce \u00e0 un son \u00e9quilibr\u00e9 et clair, soutenu par des haut-parleurs bidirectionnels et la technologie AKG. Confortables et l\u00e9gers, ces \u00e9couteurs s&rsquo;adaptent \u00e0 votre oreille et vous offrent une immersion totale. Le c\u00e2ble tiss\u00e9 \u00e9vite les n\u0153uds ind\u00e9sirables. Id\u00e9aux pour les appareils Samsung sans prise jack de 3,5\u00a0mm<\/p>\n","protected":false},"featured_media":7923,"comment_status":"open","ping_status":"closed","template":"","meta":[],"product_cat":[321],"product_tag":[],"class_list":{"0":"post-7917","1":"product","2":"type-product","3":"status-publish","4":"has-post-thumbnail","6":"product_cat-casque-ecouteurs","8":"first","9":"instock","10":"sale","11":"taxable","12":"shipping-taxable","13":"purchasable","14":"product-type-simple"},"_links":{"self":[{"href":"https:\/\/integratel.ma\/index.php\/wp-json\/wp\/v2\/product\/7917"}],"collection":[{"href":"https:\/\/integratel.ma\/index.php\/wp-json\/wp\/v2\/product"}],"about":[{"href":"https:\/\/integratel.ma\/index.php\/wp-json\/wp\/v2\/types\/product"}],"replies":[{"embeddable":true,"href":"https:\/\/integratel.ma\/index.php\/wp-json\/wp\/v2\/comments?post=7917"}],"wp:featuredmedia":[{"embeddable":true,"href":"https:\/\/integratel.ma\/index.php\/wp-json\/wp\/v2\/media\/7923"}],"wp:attachment":[{"href":"https:\/\/integratel.ma\/index.php\/wp-json\/wp\/v2\/media?parent=7917"}],"wp:term":[{"taxonomy":"product_cat","embeddable":true,"href":"https:\/\/integratel.ma\/index.php\/wp-json\/wp\/v2\/product_cat?post=7917"},{"taxonomy":"product_tag","embeddable":true,"href":"https:\/\/integratel.ma\/index.php\/wp-json\/wp\/v2\/product_tag?post=7917"}],"curies":[{"name":"wp","href":"https:\/\/api.w.org\/{rel}","templated":true}]}}