{"id":7115,"date":"2023-06-02T16:02:19","date_gmt":"2023-06-02T15:02:19","guid":{"rendered":"https:\/\/integratel.ma\/?post_type=product&#038;p=7115"},"modified":"2023-06-05T14:52:39","modified_gmt":"2023-06-05T13:52:39","slug":"asus-x515m-intel-celeron-n4020-156-hd-slate-grey","status":"publish","type":"product","link":"https:\/\/integratel.ma\/index.php\/product\/asus-x515m-intel-celeron-n4020-156-hd-slate-grey\/","title":{"rendered":"ASUS X515M INTEL CELERON-N4020 15,6&Prime; HD SLATE GREY"},"content":{"rendered":"","protected":false},"excerpt":{"rendered":"<p><img decoding=\"async\" class=\"alignnone size-full wp-image-6618\" src=\"https:\/\/integratel.ma\/wp-content\/uploads\/2023\/05\/asus-e1685718777977.jpeg\" alt=\"\" width=\"183\" height=\"42\" srcset=\"https:\/\/integratel.ma\/wp-content\/uploads\/2023\/05\/asus-e1685718777977.jpeg 183w, https:\/\/integratel.ma\/wp-content\/uploads\/2023\/05\/asus-e1685718777977-60x14.jpeg 60w, https:\/\/integratel.ma\/wp-content\/uploads\/2023\/05\/asus-e1685718777977-110x25.jpeg 110w, https:\/\/integratel.ma\/wp-content\/uploads\/2023\/05\/asus-e1685718777977-90x21.jpeg 90w, https:\/\/integratel.ma\/wp-content\/uploads\/2023\/05\/asus-e1685718777977-64x15.jpeg 64w\" sizes=\"(max-width: 183px) 100vw, 183px\" \/><\/p>\n<p>Marque: Asus<br \/>\nTaille de l&rsquo;\u00e9cran: 15,6 pouces<br \/>\nCouleur: Argent<br \/>\nTaille du disque dur: 256 SSD<br \/>\nMod\u00e8le de processeur: C\u00e9l\u00e9ron<br \/>\nTaille de la m\u00e9moire RAM install\u00e9e: 4 GO<br \/>\nSyst\u00e8me op\u00e9rateur: Windows 11<br \/>\nUne fonction sp\u00e9ciale: lecteur d&#8217;empreintes digitales<br \/>\nDescription de la carte graphique: Int\u00e9gr\u00e9<\/p>\n","protected":false},"featured_media":7129,"comment_status":"open","ping_status":"closed","template":"","meta":[],"product_cat":[133],"product_tag":[],"class_list":{"0":"post-7115","1":"product","2":"type-product","3":"status-publish","4":"has-post-thumbnail","6":"product_cat-pc-portable","8":"first","9":"instock","10":"sale","11":"taxable","12":"shipping-taxable","13":"purchasable","14":"product-type-simple"},"_links":{"self":[{"href":"https:\/\/integratel.ma\/index.php\/wp-json\/wp\/v2\/product\/7115"}],"collection":[{"href":"https:\/\/integratel.ma\/index.php\/wp-json\/wp\/v2\/product"}],"about":[{"href":"https:\/\/integratel.ma\/index.php\/wp-json\/wp\/v2\/types\/product"}],"replies":[{"embeddable":true,"href":"https:\/\/integratel.ma\/index.php\/wp-json\/wp\/v2\/comments?post=7115"}],"wp:featuredmedia":[{"embeddable":true,"href":"https:\/\/integratel.ma\/index.php\/wp-json\/wp\/v2\/media\/7129"}],"wp:attachment":[{"href":"https:\/\/integratel.ma\/index.php\/wp-json\/wp\/v2\/media?parent=7115"}],"wp:term":[{"taxonomy":"product_cat","embeddable":true,"href":"https:\/\/integratel.ma\/index.php\/wp-json\/wp\/v2\/product_cat?post=7115"},{"taxonomy":"product_tag","embeddable":true,"href":"https:\/\/integratel.ma\/index.php\/wp-json\/wp\/v2\/product_tag?post=7115"}],"curies":[{"name":"wp","href":"https:\/\/api.w.org\/{rel}","templated":true}]}}