{"id":6869,"date":"2023-05-19T15:24:22","date_gmt":"2023-05-19T14:24:22","guid":{"rendered":"https:\/\/integratel.ma\/?post_type=product&#038;p=6869"},"modified":"2023-05-19T16:28:16","modified_gmt":"2023-05-19T15:28:16","slug":"itel-tv-42-smart-fhd-19201080-recepteur-intgre","status":"publish","type":"product","link":"https:\/\/integratel.ma\/index.php\/product\/itel-tv-42-smart-fhd-19201080-recepteur-intgre\/","title":{"rendered":"ITEL TV 42&Prime; SMART FHD 1920*1080, RECEPTEUR INTGRE"},"content":{"rendered":"","protected":false},"excerpt":{"rendered":"<p><img decoding=\"async\" src=\"https:\/\/integratel.ma\/wp-content\/uploads\/2023\/05\/117-300x150.jpg\" width=\"180px\" class=\"alignnone size-medium wp-image-6860\" srcset=\"https:\/\/integratel.ma\/wp-content\/uploads\/2023\/05\/117-300x150.jpg 300w, https:\/\/integratel.ma\/wp-content\/uploads\/2023\/05\/117-1024x512.jpg 1024w, https:\/\/integratel.ma\/wp-content\/uploads\/2023\/05\/117-768x384.jpg 768w, https:\/\/integratel.ma\/wp-content\/uploads\/2023\/05\/117-60x30.jpg 60w, https:\/\/integratel.ma\/wp-content\/uploads\/2023\/05\/117-110x55.jpg 110w, https:\/\/integratel.ma\/wp-content\/uploads\/2023\/05\/117-650x325.jpg 650w, https:\/\/integratel.ma\/wp-content\/uploads\/2023\/05\/117-90x45.jpg 90w, https:\/\/integratel.ma\/wp-content\/uploads\/2023\/05\/117-64x32.jpg 64w, https:\/\/integratel.ma\/wp-content\/uploads\/2023\/05\/117.jpg 1200w\" sizes=\"(max-width: 300px) 100vw, 300px\" \/><br \/>\n<br \/>\nL&rsquo;ITEL TV 42&Prime; SMART FHD est un produit de pointe qui offre une exp\u00e9rience visuelle exceptionnelle.<br \/>\nUne r\u00e9solution de 1920*1080 pixels, ce t\u00e9l\u00e9viseur Full HD vous permet de profiter de contenus nets et d\u00e9taill\u00e9s.<br \/>\nEquip\u00e9 d&rsquo;un r\u00e9cepteur int\u00e9gr\u00e9, vous permettant de capturer et de regarder vos \u00e9missions pr\u00e9f\u00e9r\u00e9es sans avoir besoin d&rsquo;un d\u00e9codeur externe.<br \/>\nCe t\u00e9l\u00e9viseur intelligent vous offre un acc\u00e8s facile \u00e0 une multitude d&rsquo;applications et de contenus en ligne, vous permettant de profiter pleinement du divertissement \u00e0 domicile.<br \/>\nl&rsquo;ITEL TV 42&Prime; SMART FHD, plongez dans une exp\u00e9rience de visionnage immersive et profitez d&rsquo;une qualit\u00e9 d&rsquo;image exceptionnelle<\/p>\n","protected":false},"featured_media":6870,"comment_status":"open","ping_status":"closed","template":"","meta":[],"product_cat":[343],"product_tag":[],"class_list":{"0":"post-6869","1":"product","2":"type-product","3":"status-publish","4":"has-post-thumbnail","6":"product_cat-televiseur","8":"first","9":"instock","10":"sale","11":"taxable","12":"shipping-taxable","13":"purchasable","14":"product-type-simple"},"_links":{"self":[{"href":"https:\/\/integratel.ma\/index.php\/wp-json\/wp\/v2\/product\/6869"}],"collection":[{"href":"https:\/\/integratel.ma\/index.php\/wp-json\/wp\/v2\/product"}],"about":[{"href":"https:\/\/integratel.ma\/index.php\/wp-json\/wp\/v2\/types\/product"}],"replies":[{"embeddable":true,"href":"https:\/\/integratel.ma\/index.php\/wp-json\/wp\/v2\/comments?post=6869"}],"wp:featuredmedia":[{"embeddable":true,"href":"https:\/\/integratel.ma\/index.php\/wp-json\/wp\/v2\/media\/6870"}],"wp:attachment":[{"href":"https:\/\/integratel.ma\/index.php\/wp-json\/wp\/v2\/media?parent=6869"}],"wp:term":[{"taxonomy":"product_cat","embeddable":true,"href":"https:\/\/integratel.ma\/index.php\/wp-json\/wp\/v2\/product_cat?post=6869"},{"taxonomy":"product_tag","embeddable":true,"href":"https:\/\/integratel.ma\/index.php\/wp-json\/wp\/v2\/product_tag?post=6869"}],"curies":[{"name":"wp","href":"https:\/\/api.w.org\/{rel}","templated":true}]}}