{"id":5337,"date":"2023-05-02T16:09:23","date_gmt":"2023-05-02T15:09:23","guid":{"rendered":"https:\/\/integratel.ma\/index.php\/product\/samsung-tv-85-serie-8-uhd-4k-crystal-3840x2160-3-hdmi-smart-bth-wifi-recept-integ-12m-ua85bu8000uxmv\/"},"modified":"2023-06-22T10:10:49","modified_gmt":"2023-06-22T09:10:49","slug":"samsung-tv-85-serie-8-uhd-4k-crystal-recept-integ","status":"publish","type":"product","link":"https:\/\/integratel.ma\/index.php\/product\/samsung-tv-85-serie-8-uhd-4k-crystal-recept-integ\/","title":{"rendered":"SAMSUNG TV\u00a085&Prime;\u00a0SERIE\u00a08\u00a0UHD\u00a04K\u00a0CRYSTAL RECEPT\u00a0INTEG\u00a0"},"content":{"rendered":"","protected":false},"excerpt":{"rendered":"<p><img decoding=\"async\" class=\"alignnone size-full wp-image-6633\" src=\"https:\/\/integratel.ma\/wp-content\/uploads\/2023\/05\/samsung-e1684768323292.jpeg\" alt=\"\" width=\"173\" height=\"35\" srcset=\"https:\/\/integratel.ma\/wp-content\/uploads\/2023\/05\/samsung-e1684768323292.jpeg 173w, https:\/\/integratel.ma\/wp-content\/uploads\/2023\/05\/samsung-e1684768323292-60x12.jpeg 60w, https:\/\/integratel.ma\/wp-content\/uploads\/2023\/05\/samsung-e1684768323292-110x22.jpeg 110w, https:\/\/integratel.ma\/wp-content\/uploads\/2023\/05\/samsung-e1684768323292-90x18.jpeg 90w, https:\/\/integratel.ma\/wp-content\/uploads\/2023\/05\/samsung-e1684768323292-64x13.jpeg 64w\" sizes=\"(max-width: 173px) 100vw, 173px\" \/><\/p>\n<p>Couleurs cristallines vives le profil le plus fin.<br \/>\nDes couleurs ultra r\u00e9alistes, n\u00e9es dans un \u00e9tat pur avec du cristal fin.<br \/>\n\u00c9l\u00e9gant et fin, plus que jamais.<br \/>\nProcesseur Crystal 4K.<br \/>\nSmart Hub.<br \/>\nR\u00e9solution: 3840 x 2160.<\/p>\n<p>&nbsp;<\/p>\n","protected":false},"featured_media":7292,"comment_status":"open","ping_status":"closed","template":"","meta":[],"product_cat":[343],"product_tag":[],"class_list":{"0":"post-5337","1":"product","2":"type-product","3":"status-publish","4":"has-post-thumbnail","6":"product_cat-televiseur","8":"first","9":"instock","10":"sale","11":"taxable","12":"shipping-taxable","13":"purchasable","14":"product-type-simple"},"_links":{"self":[{"href":"https:\/\/integratel.ma\/index.php\/wp-json\/wp\/v2\/product\/5337"}],"collection":[{"href":"https:\/\/integratel.ma\/index.php\/wp-json\/wp\/v2\/product"}],"about":[{"href":"https:\/\/integratel.ma\/index.php\/wp-json\/wp\/v2\/types\/product"}],"replies":[{"embeddable":true,"href":"https:\/\/integratel.ma\/index.php\/wp-json\/wp\/v2\/comments?post=5337"}],"wp:featuredmedia":[{"embeddable":true,"href":"https:\/\/integratel.ma\/index.php\/wp-json\/wp\/v2\/media\/7292"}],"wp:attachment":[{"href":"https:\/\/integratel.ma\/index.php\/wp-json\/wp\/v2\/media?parent=5337"}],"wp:term":[{"taxonomy":"product_cat","embeddable":true,"href":"https:\/\/integratel.ma\/index.php\/wp-json\/wp\/v2\/product_cat?post=5337"},{"taxonomy":"product_tag","embeddable":true,"href":"https:\/\/integratel.ma\/index.php\/wp-json\/wp\/v2\/product_tag?post=5337"}],"curies":[{"name":"wp","href":"https:\/\/api.w.org\/{rel}","templated":true}]}}