{"id":3159,"date":"2023-05-02T16:04:34","date_gmt":"2023-05-02T15:04:34","guid":{"rendered":"https:\/\/integratel.ma\/index.php\/product\/canon-jet-dencre-pixma-mg2540s-couleur-mfp-3en1-a4-ppm-bw-8-ppm-col-4-0727c007ba\/"},"modified":"2024-03-04T15:33:43","modified_gmt":"2024-03-04T14:33:43","slug":"canon-jet-dencre-pixma-mg2540s-couleur-mfp-3en1","status":"publish","type":"product","link":"https:\/\/integratel.ma\/index.php\/product\/canon-jet-dencre-pixma-mg2540s-couleur-mfp-3en1\/","title":{"rendered":"Canon Jet d&rsquo;encre PIXMA MG2540S Couleur MFP 3en1 A4 PPM B&#038;W 8 PPM Col 4"},"content":{"rendered":"<p>Canon\u00a0Jet\u00a0d&rsquo;encre\u00a0PIXMA\u00a0MG2540S\u00a0MFP\u00a03en1\u00a0A4\u00a0PPM\u00a0B&#038;W\u00a08\u00a0PPM\u00a0Col\u00a04\/Imprimante Canon Pixma MG2540S Multifonction 3 en 1 (Impression,Scan,Copie) &#8211; Port USB , Vitesse d&rsquo;impression 8 ppm Noir , Format de papier A4<\/p>\n","protected":false},"excerpt":{"rendered":"<p>Impression, copie et scan<br \/>\nVitesse d&rsquo;impression noir: 8 pages\/min en norme ISO<br \/>\nVitesse d&rsquo;impression couleur: 4 pages\/min en norme ISO<br \/>\nQualit\u00e9 d&rsquo;impression noire: Jusqu&rsquo;\u00e0 4800 \u00d7 600 DPI (ppp)<br \/>\nQualit\u00e9 d&rsquo;impression couleur: Jusqu&rsquo;\u00e0 4800 \u00d7 600 DPI (ppp)<br \/>\nImpression recto\/verso: Manuelle<br \/>\nFonctionne avec: 2 Cartouches (1 noir, 1 couleur : cyan, magenta, jaune)<br \/>\nConnectivit\u00e9: 1\u00a0port USB 2.0<\/p>\n","protected":false},"featured_media":3158,"comment_status":"open","ping_status":"closed","template":"","meta":[],"product_cat":[223],"product_tag":[],"class_list":{"0":"post-3159","1":"product","2":"type-product","3":"status-publish","4":"has-post-thumbnail","6":"product_cat-imprimante","8":"first","9":"instock","10":"sale","11":"taxable","12":"shipping-taxable","13":"purchasable","14":"product-type-simple"},"_links":{"self":[{"href":"https:\/\/integratel.ma\/index.php\/wp-json\/wp\/v2\/product\/3159"}],"collection":[{"href":"https:\/\/integratel.ma\/index.php\/wp-json\/wp\/v2\/product"}],"about":[{"href":"https:\/\/integratel.ma\/index.php\/wp-json\/wp\/v2\/types\/product"}],"replies":[{"embeddable":true,"href":"https:\/\/integratel.ma\/index.php\/wp-json\/wp\/v2\/comments?post=3159"}],"wp:featuredmedia":[{"embeddable":true,"href":"https:\/\/integratel.ma\/index.php\/wp-json\/wp\/v2\/media\/3158"}],"wp:attachment":[{"href":"https:\/\/integratel.ma\/index.php\/wp-json\/wp\/v2\/media?parent=3159"}],"wp:term":[{"taxonomy":"product_cat","embeddable":true,"href":"https:\/\/integratel.ma\/index.php\/wp-json\/wp\/v2\/product_cat?post=3159"},{"taxonomy":"product_tag","embeddable":true,"href":"https:\/\/integratel.ma\/index.php\/wp-json\/wp\/v2\/product_tag?post=3159"}],"curies":[{"name":"wp","href":"https:\/\/api.w.org\/{rel}","templated":true}]}}